32 + n. What is the hundreds digit of a?
3
What is the tens digit of 4 + (-1710)/(-3) + -3?
7
Let o = -4 + 9. Let d = 51 - o. What is the units digit of d?
6
Suppose 0 = 218*f - 222*f + 18256. What is the tens digit of f?
6
Suppose -p + 2*v = -18, 4*p - 2*v = -7*v + 85. Suppose 0*a - 5 = -a - 3*j, -4*j = 4*a - p. What is the units digit of a?
5
What is the tens digit of (1472/20 - -2) + 2/5?
7
Suppose -3*y - 120 = y. What is the units digit of ((y/(-9))/5)/(6/900)?
0
Suppose -7*r = -6*r + 2028. What is the tens digit of 2/6 + r/(-18)?
1
Let j = 17 + -35. Let c = j - -17. What is the tens digit of (30 - -4) + (2 - c)?
3
Suppose 7*z = -12*z + 60686. What is the tens digit of z?
9
Let y = 24 + -51. Let f be ((-18)/y)/((-4)/18). What is the units digit of ((-2)/f)/(4/18)?
3
Suppose -z + 6*q + 801 = 4*q, 2*z = -q + 1607. Suppose -4*f = m - 9*f - 218, -4*m + z = 3*f. What is the hundreds digit of m?
2
Suppose y + v - 5 = -y, 4*v = 20. Suppose -o + 4*x = -244, 2*o - x = -y*o + 460. What is the tens digit of o?
2
Let i be 6/2*(-64)/24. What is the units digit of (-27)/(-2)*i/(-2)?
4
Let s = 2886 + -12. What is the thousands digit of s?
2
Let c = -112 - -115. Suppose c*w + 2*a - 716 = 0, -3*a = -4*w + 2*w + 499. What is the hundreds digit of w?
2
Let f = 184 - 126. Suppose 26 = 2*b - f. What is the units digit of b?
2
Let y be -10*118*(-1)/1. What is the tens digit of 2/(-4)*y/(-10)?
5
Let x be (-8)/(-6)*(-270)/(-4). Let s = x - -39. What is the units digit of s?
9
Suppose -215 = -4*w - h, -5*w - 271 = -10*w - 2*h. What is the units digit of (w/1 - -1) + -2?
2
Let y = 5360 - 3556. What is the tens digit of y?
0
Let h = 0 - 0. Suppose h = 10*g - 3*g - 266. What is the units digit of g?
8
Let c = -17 - -28. What is the tens digit of c?
1
Let a(g) = g**3 + 4*g**2 + g - 1. Let f be a(-3). Let y be (-6)/(-10) + 12/f. Suppose -y*s = -4*l - 2*s + 100, l = -3*s + 12. What is the units digit of l?
4
What is the hundreds digit of 22/33 - (-3 - (-6674)/(-6))?
1
Let n(f) = -f**3 + 7*f**2 - 5*f - 4. Let p be n(6). Let k = p - 0. Suppose k*m = 3*s + 91, m - 192 = -3*m - 4*s. What is the units digit of m?
7
Let u(r) = 7*r + 5. Let j be u(9). Suppose 2*s + l - j = -3*l, 3*s - 112 = -4*l. Let n = -11 + s. What is the tens digit of n?
3
Let p = 103 - 106. What is the units digit of p - (-32)/24*(-393)/(-2)?
9
Let a(l) = 19*l - 12. Let v be a(8). Let b = 5 + -9. What is the units digit of v/(-8)*(2 + b)?
5
Suppose 5*k = 20 - 5. Suppose 0 = -3*g + 12 + k. What is the units digit of g?
5
Let i(f) = 22*f**3 - 5*f**2 + 10. Suppose -m + 12 = 4*t, 0*t - 4*t = 4*m - 24. What is the units digit of i(t)?
6
Let h = -1672 + 3280. What is the units digit of h?
8
Suppose -4*r + 6386 = 5*j - 21323, -2*j + 11110 = -5*r. What is the tens digit of j?
4
Let u(p) = 29*p - 4. Let o(d) = 14*d - 2. Let f(k) = 14*o(k) - 6*u(k). What is the tens digit of f(3)?
6
Let a(r) be the third derivative of -r**4/24 - r**2. Let x = -1958 - -1956. What is the units digit of a(x)?
2
Suppose -175*y - 7440 = -177*y - 2*t, 3*t + 18568 = 5*y. What is the hundreds digit of y?
7
Suppose 2*m + 36 = -2*m - 5*r, -2*m = r + 12. Let v(z) = z**3 + 4*z**2 - 3*z + 4. What is the units digit of v(m)?
6
Let l = -781 + 888. What is the hundreds digit of l?
1
Suppose 4*k + 293 = 4*q - 79, q + 5*k - 93 = 0. What is the units digit of q?
3
Let j(d) = d**2 - 22*d + 13. Let h be j(21). What is the units digit of ((-28)/h - 2)/(2/36)?
7
Let n(v) = v**2 - 6. Let i be n(-6). Suppose 0 = 2*m - 7*m - 15, -3*f + 405 = 3*m. What is the tens digit of (10/i)/(2/f)?
2
Suppose -k + 2*m = -2*k + 11, 5*k - 44 = m. Suppose 4*t = -5*z + k, 3*z - t - 11 = -2*t. What is the tens digit of (96/z)/(21/70)?
6
Let b = -178 - -305. Suppose 3*i - 95 = b. What is the units digit of i?
4
Let z = 3 + -1. Let a(f) = f + 2*f**2 - 2*f**2 + 11 + 3*f**z - 2*f**2. What is the tens digit of a(0)?
1
Suppose 2*u - 662 = 4*g, -2*u + 89 + 577 = -3*g. What is the units digit of u?
9
Let q(i) = 3*i**2 + 5*i - 6. Let m be q(2). Let s be (36/8)/(3/m). Suppose -4*g - 121 = -5*p, p - g = -0*g + s. What is the units digit of p?
5
Suppose -5*l - 3*q + 380 = 0, -3*l + l + 2*q = -168. Suppose -3*r = 5*y - l + 27, -2*r - y = -23. What is the units digit of r?
9
Let l(b) = -b**3 + 26*b**2 - 42*b + 28. What is the tens digit of l(22)?
4
Let v(b) = -3*b**3 - 2*b**2 - 6*b + 7. Let m be v(3). Let k = -64 - m. What is the tens digit of k?
4
Let z be 3*(-4 + 80/15). Suppose -3*s + 685 + 147 = -2*f, 2*f + 1110 = z*s. What is the hundreds digit of s?
2
Let s = -486 - -1030. What is the units digit of s?
4
Let x = -60 - -63. Suppose 2*m - 3*i - 97 = 0, -3*m + 130 = -x*i - 23. What is the units digit of m?
6
Let q = -339 + 982. What is the tens digit of q?
4
Suppose 403 + 1161 = n. What is the hundreds digit of n?
5
Suppose -3 = -b, -4*b + 74 + 97 = p. What is the hundreds digit of p?
1
Let x(u) = -u - 10. Let b(m) = -11. Let k(p) = -4*b(p) + 3*x(p). What is the units digit of k(-11)?
7
Suppose 20 = 6*m - m. Let q = 57 + -55. Let j = m + q. What is the units digit of j?
6
Let s be 24/28*28/8. Suppose 5*n + s*n = 864. What is the tens digit of n?
0
Let n(u) = u**2 - 15*u - 243. What is the hundreds digit of n(-37)?
6
Suppose 4*s - 3250 = -2*a, 4*a = -3*s + 339 + 6181. What is the hundreds digit of a?
6
Suppose 5*u + 2*v = -0*v + 16, -3*u + 2*v = 0. Suppose 0 = -m, 0 = 2*q - u*m - 0*m + 12. Let o(c) = -c**3 - 6*c**2 - c + 4. What is the units digit of o(q)?
0
Let f = 106 + -102. Suppose -f*o + 391 + 53 = 4*h, -129 = -o + 5*h. What is the units digit of o?
4
Suppose -b - 2*s = s - 428, 5*s = -5*b + 2090. What is the tens digit of b?
1
Let w(z) = z**2 + 4*z - 10. Let d = 72 - 66. What is the tens digit of w(d)?
5
Suppose -7311 = -7*p - 2446. What is the hundreds digit of p?
6
Let l = 570 + -62. What is the units digit of l?
8
Let l(p) be the second derivative of 6*p**5/5 - p**4/6 - p**3/6 + 3*p**2/2 + 54*p. What is the tens digit of l(2)?
8
Suppose 3*l - 2*p = 7, 2*p - 3 = -l - 6. Let k be -8 - (l/(-1) - -1). What is the tens digit of (k/(-12))/((-1)/(-15))?
1
Let c be (-8)/(-10) + 6/30. Let t be (-1)/((-1)/c) + -28. Let o = 42 + t. What is the tens digit of o?
1
Let i(c) = c**3 + 6*c**2 - 11*c - 2. Let s = -3 - 5. Let b be i(s). Let q = -21 - b. What is the units digit of q?
1
Let u = -100 + 70. Let k be 396/u*5*1. Let z = -40 - k. What is the tens digit of z?
2
Let c = -544 - -228. Let w = 508 + c. What is the hundreds digit of w?
1
Let q(j) = 15*j + 5. Suppose -3*i + 13 + 5 = 0. What is the tens digit of q(i)?
9
Suppose -2*o - 3*k = -426, -3*o = -4*k - 534 - 139. What is the units digit of o?
9
Let c(n) = -2*n + 16. Let o be c(5). What is the units digit of -3 - 93*(-4)/o?
9
Let o(s) = 2*s. Let d be o(6). Let q = d - 9. Suppose -v + q*v - 2 = 0. What is the units digit of v?
1
Suppose 25*l = 21198 - 4148. What is the hundreds digit of l?
6
Suppose -25*o + 7088 = -2087. What is the units digit of o?
7
Let o(a) = 0 + 2*a**2 + 2 + 11*a + 3. Let j(m) = -m**2 + 2. Let c be j(-3). What is the units digit of o(c)?
6
Suppose 12*j + 224 - 248 = 0. Let d = 4 + -2. Suppose d*y = f + 33, y - 5*f - j - 1 = 0. What is the tens digit of y?
1
Suppose -55706 = -6*t - 8*t. What is the units digit of t?
9
Suppose 3*u + 6 = 6*u. Suppose -1 = q - 3*w, u - 12 = -2*q + 2*w. What is the units digit of q/1 + (1 - 3)?
6
Let g be ((-3 + 6)/12)/((-1)/(-20)). Suppose -v + 5*d = -302, -g*v = -v + 5*d - 1083. What is the units digit of v?
7
Suppose 1 = -u + 14. Suppose 0 = -u*t + 384 + 2658. What is the units digit of t?
4
Suppose 0 = 2*x + 3*x - 10. Let c(k) = -4*k**x - k**2 - 3 + 5*k + 6*k**2. What is the units digit of c(3)?
1
Let i(s) = s - 5. Let z(p) = p**2 - 10*p + 2. Let y be z(9). Let b be i(y). Let t(c) = -c**3 - 11*c**2 + 9*c + 9. What is the tens digit of t(b)?
4
What is the tens digit of (0/(-1))/(-5) + 440 + 0?
4
Suppose -3 = -r - 0*r. Let a be (1 + -2)*(8 + r). Let j = 30 + a. What is the tens digit of j?
1
Let x be (-3)/(-2)*((-16)/3)/(-4). Suppose -16 = -0*s - 4*s, 226 = x*t + 2*s. What is the units digit of t?
9
Suppose 5*f = -0*r - 2*r + 260, 4*f = -5*r + 191. Suppose 4*x + 2*x - f = 0. Suppose x*y - 11*y = -60. What is the units digit of y?
0
Let q = -13 - -18. Suppose 2*u = 2*b - 15 - 23, 4*b